 number?
False
Is 4005643 composite?
False
Is 36467 composite?
False
Is 673 a prime number?
True
Is 5981 a prime number?
True
Is 3589 a composite number?
True
Is 10061 composite?
False
Is 554473 composite?
True
Is 26927 composite?
False
Is 34507 a prime number?
False
Is 17543 a composite number?
True
Is 74759 prime?
True
Is 44521 prime?
False
Is 303733 a prime number?
False
Is 14671 a prime number?
False
Is 254193 composite?
True
Is 1631 a composite number?
True
Is 316011 prime?
False
Is 14587 a composite number?
True
Is 199 composite?
False
Is 360239 a prime number?
False
Is 154043 prime?
True
Is 715501 composite?
True
Is 131293 a composite number?
False
Is 82997 a prime number?
True
Is 553802 a prime number?
False
Is 10379 composite?
True
Is 7499 a composite number?
False
Is 1446301 a prime number?
True
Is 5923 a prime number?
True
Is 260941 prime?
True
Is 125497 a composite number?
False
Is 157579 prime?
True
Is 739003 a composite number?
False
Is 116549 composite?
False
Is 3377 a prime number?
False
Is 155171 prime?
True
Is 35599 a prime number?
False
Is 5773 prime?
False
Is 5849 a composite number?
False
Is 62653 prime?
True
Is 5531 prime?
True
Is 271 a composite number?
False
Is 240767 a prime number?
False
Is 58043 a prime number?
True
Is 2101 prime?
False
Is 395923 composite?
True
Is 13963 a prime number?
True
Is 78907 a composite number?
True
Is 3173 a prime number?
False
Is 153091 a composite number?
True
Is 14507 composite?
True
Is 31627 a prime number?
True
Is 21647 prime?
True
Is 364001 a prime number?
False
Is 29941 a prime number?
False
Is 1071563 a prime number?
True
Is 148531 prime?
True
Is 13261 prime?
False
Is 217849 prime?
True
Is 346858 composite?
True
Is 256049 a composite number?
False
Is 337153 a composite number?
False
Is 1338773 a prime number?
False
Is 78431 a composite number?
True
Is 219277 prime?
True
Is 141682 prime?
False
Is 398383 a composite number?
True
Is 346039 a composite number?
False
Is 349553 prime?
True
Is 56413 a composite number?
True
Is 67601 a composite number?
False
Is 221239 prime?
True
Is 446987 a composite number?
True
Is 917 composite?
True
Is 2697737 prime?
False
Is 6239 composite?
True
Is 41999 a prime number?
True
Is 15731 composite?
False
Is 385699 a composite number?
True
Is 877991 composite?
True
Is 1643 composite?
True
Is 1985 a prime number?
False
Is 21089 a composite number?
False
Is 15161 prime?
True
Is 11147 a composite number?
True
Is 77023 a prime number?
True
Is 2049 composite?
True
Is 6653 prime?
True
Is 828361 prime?
True
Is 22433 a composite number?
False
Is 26126 prime?
False
Is 25439 a prime number?
True
Is 5027 a composite number?
True
Is 408409 a prime number?
False
Is 96149 a prime number?
True
Is 10219 a prime number?
False
Is 367 a prime number?
True
Is 12323 composite?
False
Is 2899 a composite number?
True
Is 41007 prime?
False
Is 31009 a prime number?
False
Is 17669 prime?
True
Is 37039 prime?
True
Is 1209457 composite?
False
Is 11677 composite?
False
Is 6505 a composite number?
True
Is 1338242 a prime number?
False
Is 5219 composite?
True
Is 438539 a composite number?
True
Is 235271 a prime number?
False
Is 38495 a prime number?
False
Is 205097 composite?
False
Is 341 a composite number?
True
Is 1931 a composite number?
False
Is 511057 a prime number?
True
Is 830639 a composite number?
False
Is 8263 prime?
True
Is 181931 a composite number?
False
Is 1721 composite?
False
Is 42815 a composite number?
True
Is 372503 prime?
False
Is 43607 prime?
True
Is 1102071 a composite number?
True
Is 17413 prime?
False
Is 175901 a composite number?
True
Is 393743 a composite number?
True
Is 102523 composite?
False
Is 197797 composite?
True
Is 19841 prime?
True
Is 115631 a composite number?
False
Is 52853 a composite number?
True
Is 3251 a prime number?
True
Is 434783 composite?
False
Is 87613 prime?
True
Is 69371 composite?
False
Is 145633 composite?
False
Is 2557 a composite number?
False
Is 258941 a composite number?
True
Is 3343 a prime number?
True
Is 802 prime?
False
Is 4037 a prime number?
False
Is 71607 composite?
True
Is 6803 a composite number?
False
Is 33457 a composite number?
False
Is 90329 composite?
True
Is 30467 a composite number?
False
Is 5323 composite?
False
Is 19619 a composite number?
True
Is 1499533 a prime number?
False
Is 759751 prime?
False
Is 444271 a composite number?
False
Is 140591 prime?
False
Is 81611 composite?
False
Is 21239 composite?
True
Is 181163 composite?
True
Is 68009 a prime number?
False
Is 54719 composite?
True
Is 22229 composite?
False
Is 12893 prime?
True
Is 60077 prime?
True
Is 31013 composite?
False
Is 155 prime?
False
Is 299011 a prime number?
True
Is 5323 prime?
True
Is 75521 a prime number?
True
Is 73733 a prime number?
False
Is 727 a prime number?
True
Is 2378461 a composite number?
False
Is 358871 a prime number?
False
Is 7817 a prime number?
True
Is 140749 a composite number?
True
Is 1582877 a prime number?
True
Is 5273 a prime number?
True
Is 1921 a composite number?
True
Is 4621 composite?
False
Is 7349 a prime number?
True
Is 52729 prime?
False
Is 226679 prime?
False
Is 90295 a prime number?
False
Is 679361 a prime number?
True
Is 897917 a prime number?
False
Is 168323 prime?
True
Is 82681 a prime number?
False
Is 24161 prime?
False
Is 12633 prime?
False
Is 1671 prime?
False
Is 1191 prime?
False
Is 2101 prime?
False
Is 34199 a prime number?
False
Is 219587 composite?
False
Is 175106 composite?
True
Is 3409 a composite number?
True
Is 14441 prime?
False
Is 437 a prime number?
False
Is 3464843 a prime number?
True
Is 168745 a composite number?
True
Is 130769 a prime number?
True
Is 92181 composite?
True
Is 2153 a composite number?
False
Is 9661 composite?
False
Is 116329 prime?
True
Is 32173 composite?
False
Is 66337 composite?
False
Is 26453 a prime number?
False
Is 3907 composite?
False
Is 2939117 prime?
True
Is 1246013 a prime number?
True
Is 43261 a prime number?
True
Is 354763 composite?
False
Is 538987 composite?
False
Is 13117 composite?
True
Is 159017 a prime number?
True
Is 19541 a prime number?
True
Is 23857 prime?
True
Is 7271 a composite number?
True
Is 11246 a prime number?
False
Is 17377 composite?
False
Is 3277 composite?
True
Is 85 a composite number?
True
Is 17851 prime?
True
Is 1669403 a prime number?
False
Is 477827 prime?
False
Is 396413 composite?
False
Is 592265 composite?
True
Is 423217 a composite number?
True
Is 21169 prime?
True
Is 533609 a prime number?
False
Is 6247 a composite number?
False
Is 5137 a composite number?
True
Is 2302 a prime number?
False
Is 5087 a composite number?
False
Is 157 composite?
False
Is 11351 prime?
True
Is 19157 a prime number?
True
Is 10943 composite?
True
Is 36037 composite?
False
Is 1173709 a composite number?
False
Is 7621 a prime number?
True
Is 8637 a prime number?
False
Is 39293 composite?
False
Is 454927 prime?
False
Is 6113 a prime number?
True
Is 29699 composite?
True
Is 16669 prime?
False
Is 657347 a composite number?
False
Is 6227 composite?
True
Is 133033 composite?
False
Is 139169 a composite number?
False
Is 237247 a composite number?
True
Is 77339 prime?
True
Is 26753 prime?
False
Is 10193 prime?
True
Is 150167 prime?
False
Is 55999 a composite number?
True
Is 266333 a composite number?
False
Is 20593 a composite number?
False
Is 486769 prime?
True
Is 1195 a prime number?
False
Is 36422 a composite number?
True
Is 1756093 a prime number?
True
Is 8639 composite?
True
Is 2362873 a composite number?
False
Is 24155 a prime number?
False
Is 1811 a prime number?
True
Is 16871 composite?
False
Is 7033 a prime number?
False
Is 212989 a prime number?
False
Is 599069 composite?
False
Is 1967 prime?
False
Is 5923 prime?
True
Is 4574 a prime number?
False
Is 314179 a prime number?
False
Is 99211 a composite number?
True
Is 543 composite?
True
Is 176843 composite?
True
Is 4173811 composite?
False
Is 11311 prime?
True
Is 85061 a prime number?
True
Is 495545 a prime number?
False
Is 34249 composite?
True
Is 6947 composite?
False
Is 9046 a composite number?
True
Is 21309 a composite number?
True
Is 3802 a composite number?
True
Is 140891 prime?
True
Is 16594 prime?
False
Is 2901521 prime?
False
Is 1247777 composite?
False
Is 701009 a composite number?
False
Is 27106 c